late the remainder when z(5) is divided by b.
14
Suppose -2*o = -4*n + 12, -2*o - n + 13 = -0*n. Let h(b) = -b - 5. Let q be h(-4). Let z = q + 4. What is the remainder when o is divided by z?
1
Let o = -20 + 0. Let v = o - -38. Calculate the remainder when v is divided by 11.
7
Suppose 0*o - 5*o = -4*u + 1383, 367 = u + 3*o. Calculate the remainder when u is divided by 72.
64
Let a(w) = 3*w - 39. Let o be a(14). Suppose -4 = -2*l, 3*l - o = h - 2. What is the remainder when h is divided by 3?
2
Let y(p) = p + 8. Let j be y(-8). Suppose -4*r + j*r = -56. What is the remainder when 39 is divided by r?
11
Let l be (-10)/(-3 + (-56)/(-20)). Suppose 0 = -6*t + l + 58. Calculate the remainder when 89 is divided by t.
17
Let c(j) = -45*j - 540. Calculate the remainder when 1 + -2 - 180/(-2) is divided by c(-13).
44
Suppose 0*x = -2*k + 4*x + 28, -k = 2*x - 2. Suppose h + h = 4*w + 20, 2*h + 2*w = k. Suppose -t = t - h. What is the remainder when 8 is divided by t?
2
Let l(g) = -g**2 + 22. Suppose 0 = 18*k - 22*k. Calculate the remainder when l(k) is divided by 6.
4
Let r = -340 + 355. What is the remainder when 22 is divided by r?
7
Let x = -4 - -5. Suppose 2*j = -q, -5*j = -8*j - 5*q - 7. What is the remainder when j is divided by x?
0
Let o(j) = -j**3 + 10*j**2 + 19*j + 5. Calculate the remainder when o(8) is divided by 41.
39
Suppose 2*y + y - 15 = 0, -3*y = 4*g - 663. Suppose -4*l + l + g = 0. Let f = l - 32. What is the remainder when 108 is divided by f?
20
Let o = -43 - -67. Let h(i) = 86*i - 1448. Calculate the remainder when o is divided by h(17).
10
Let w(g) = 3*g**2 - 37*g - 53. What is the remainder when 303 is divided by w(14)?
14
Suppose -12*v - 96 = 72. Let o = 54 - v. What is the remainder when o is divided by 35?
33
Let s be (-8)/((-48)/30 - -2). Let v = s - -27. What is the remainder when 46 is divided by v?
4
Let n = -40 - -78. Calculate the remainder when n is divided by (2 - -11)/((-2)/(-2)).
12
Let w = 4 - -2. Suppose 0 = i + 4*m + w, 7*m = -3*i + 2*m + 10. Calculate the remainder when 37 is divided by i.
7
Let u(p) = p**3 + p + 47. Let c = 321 - 314. Calculate the remainder when u(0) is divided by c.
5
Suppose 4*k = -121 - 167. What is the remainder when 26 is divided by (-1064)/k - 2/(-9)?
11
Let u be (2/2 + 0)*344. Suppose -u = 10*y - 1034. What is the remainder when y is divided by 18?
15
Let i = 47 + -22. Calculate the remainder when i is divided by (-10 + 8)*(-1)/((-2)/(-9)).
7
Suppose -2*y + 3*m = 5, 5*y + 5*m = -0*y + 50. What is the remainder when 15 is divided by y?
0
Let t(h) = -h**3 + 13*h**2 - 48*h + 44. Let j(g) = g**3 - 4*g + 4. Calculate the remainder when j(3) is divided by t(6).
3
Suppose -2*s = s + 3*r + 36, 0 = -3*s + 5*r + 4. Let g = s + 3. Calculate the remainder when 82 is divided by 20 + 3 + g + -2.
14
Let p = 12 - 22. Let h = 10 + p. Suppose 5*v - 2*v - 12 = 3*r, h = v - 5. Calculate the remainder when r is divided by 1.
0
Suppose -4*d - 5*p = -235 + 32, 0 = 3*d + 3*p - 150. Suppose 164 - 8 = 13*s. Calculate the remainder when d is divided by s.
11
Let c(u) = u**2 + 0 - 3*u + 0*u - 4 - 4*u. Let x be c(8). Suppose x*l + g = -2*g + 25, -3*l - 4*g = -10. What is the remainder when 19 is divided by l?
9
Let q = 13 - 11. Suppose 0 = 4*x + 4*j - 20, q*j + 2 = -x + 8. Suppose -x*c + 9*c - 75 = 0. Calculate the remainder when c is divided by 4.
3
Let q = -48 - -54. What is the remainder when 45 is divided by q?
3
Let i = -21 - -70. Let r(n) = -n**3 + 6*n**2 + 8*n + 10. Let h be ((-21)/(-12))/(2/8). What is the remainder when i is divided by r(h)?
15
Suppose 0 = 30*x - 11*x - 10887. What is the remainder when x is divided by 41?
40
Let f be -3 + (-32)/1*1. Let u = -16 - f. Suppose 155 + 13 = 3*p. What is the remainder when p is divided by u?
18
Suppose 0 = -q - 8*q + 297. Suppose 15 = -z + q. What is the remainder when z is divided by 11?
7
Suppose -24 = -4*b - 4. Let j = b - 0. Calculate the remainder when j is divided by (8 - 10)*-1*1.
1
Suppose -89*p + 88*p + 10 = 0. What is the remainder when (-176)/(-18) + (-4)/(-18) is divided by p?
0
Let t(j) = j**3 - 6*j**2 - 6*j - 9. Let l be t(7). What is the remainder when 18 is divided by ((-3)/12*-4 - l) + 1?
2
Suppose 0 = -88*w + 57*w + 1426. Calculate the remainder when 566 is divided by w.
14
Let x = -8 - -13. Suppose -157 = -x*r - 32. Let z(p) = p**2 - p - 13. What is the remainder when r is divided by z(5)?
4
Let z be (12/(-3))/4*2. Let p be -2*(z + 1 + -1). Suppose -h - 2*b - b + 41 = 0, -96 = -p*h + 5*b. What is the remainder when h is divided by 8?
5
Let j(l) be the first derivative of l**4/4 - 7*l**3/3 - 3*l**2 + 4*l + 9. Let k be j(7). Let y = k + 66. What is the remainder when y is divided by 16?
12
Let m = -533 - -573. What is the remainder when 118 is divided by m?
38
Suppose -6*i = -4*i - 2. Calculate the remainder when (-329)/(28/(-4)) - i*3 is divided by 8.
4
Let c be 42/15 + 8/(-10). Let g be (0 - (-6)/2) + 0. Calculate the remainder when 74 + 1*(g - c) is divided by 19.
18
Suppose 16*s - 19 = 285. What is the remainder when 79 is divided by s?
3
Let i(m) = -m**3 - 11*m**2 - 3*m + 7. Let b be i(-12). Let k = b + -117. Calculate the remainder when k is divided by 12.
10
Let x = 4 + 14. Let u(c) = 3*c**3 - 9*c**2 - 5. Let j(i) = 3*i**3 - 10*i**2 - 6. Let v(p) = 6*j(p) - 7*u(p). What is the remainder when v(-2) is divided by x?
17
Let h = -28 - -28. Suppose 6*i - 4*i - 4 = h. What is the remainder when 33 is divided by i?
1
Let l = -72 + 110. What is the remainder when l is divided by 81/6 - (-2)/(-4)?
12
Let n be (0 - 15)*(-3)/9. Let g = 54 + -51. Suppose 0 = n*u, g*p + 7*u - 129 = 3*u. Calculate the remainder when p is divided by 16.
11
Let v(s) = 5*s - 7. Let p be v(5). Let t = 17 - p. Calculate the remainder when 87 is divided by 3 + (17 - -1 - t).
21
Let n = 779 - 586. Calculate the remainder when n is divided by 45.
13
Let d = 34 - -3. Suppose 5*u = -2*u + 21. Let g = u - -16. What is the remainder when d is divided by g?
18
Let g = 165 + -89. Suppose -3*x + 4*p + 121 = 0, 2*x - g = -0*x + 5*p. Let y(d) = d**2 + 5*d + 9. Calculate the remainder when x is divided by y(-6).
13
Let t = -21 - -20. Let c(v) = -6*v**3 - v**2 - 2*v - 1. Calculate the remainder when 8 is divided by c(t).
2
Let t = 289 + -214. What is the remainder when 524 is divided by t?
74
Let i(d) = -d - 3. Let v be i(-5). Let s be v + (-2 - 0/(-1)). Suppose 0*o - o - 5 = s, 40 = p - 3*o. Calculate the remainder when p is divided by 7.
4
Let b = -596 - -680. What is the remainder when 325 is divided by b?
73
Let o = 52 + -35. Suppose 0*m + 3*m - 5*f - 221 = 0, -f = 3*m - 197. What is the remainder when m is divided by o?
16
Let b = -48 - -80. Let u = -7 + b. What is the remainder when u is divided by 7?
4
Let o = 356 - 336. Calculate the remainder when o is divided by (12/5)/(2/10).
8
Calculate the remainder when (0 - 1)*(-41)/1 is divided by 527/34 + (-2)/4.
11
Let u(m) = 2*m**2 - 10*m + 6. Let d be u(8). Suppose 0 = 15*o - 9*o - d. What is the remainder when o is divided by 5?
4
Let b be (-3 - 1)*3/(-3). Suppose -3*f - b = 2. What is the remainder when (32/24)/(f/(-75)) is divided by 27?
23
Let n(z) = 14*z**3 - 4*z**2 + 16*z - 12. Let g = 7 + -3. Suppose 7*j - 72 = g*j. Calculate the remainder when j is divided by n(1).
10
Let x = 19 - -15. Calculate the remainder when 67 is divided by x.
33
Suppose -z = 2, 5*i - 2*z - 97 + 8 = 0. Suppose -5*f + 79 = -66. Calculate the remainder when f is divided by i.
12
Suppose 7 - 42 = -7*q. Let y(g) = -68*g - 3. Let o be y(-3). Suppose -q*h = -o - 19. Calculate the remainder when h is divided by 23.
21
Suppose 76*z = 77*z. What is the remainder when (-1)/((-8)/6 + 1) is divided by (2 - -1) + 0 + z?
0
Suppose -3*p + 20 = -5*i + 17, i = 4*p - 38. Calculate the remainder when -1 + 2 - (-40)/2 is divided by p.
10
Suppose l - 47 = -4*b, 3 = -5*b - 2. Let m(o) = -4*o**2 - 37*o + 9. Calculate the remainder when l is divided by m(-9).
15
What is the remainder when ((-48)/(-5))/((216/(-320))/(-9)) is divided by 40?
8
Let x = 54 - 51. Let a(y) = -2*y**2 + 6*y + 2. Suppose 4*q = 6 + 14, 4*j + 7 = 3*q. What is the remainder when j is divided by a(x)?
0
Let k = -7 + 9. Suppose 0 = 3*b - 12, -8*x - k*b = -3*x + 22. Let w(m) = 3*m**2 + 5*m - 5. Calculate